lculate n(a).
4
Let g(l) = 12 - 6*l + 4*l**2 - 17 - 5*l**2. Give g(-6).
-5
Suppose 0*v - 10 = v. Let w be ((-4)/v)/(4/20). Let y be w/(-1) + 3 + -2. Let g(t) = -7*t**3 - 2*t**2 - 2*t - 1. Calculate g(y).
6
Suppose 0 = -2*z - 4*z - 384. Let y be z/36 + (-2)/9. Let v(m) = 2*m**2 + 4*m + 3. Determine v(y).
3
Suppose -5*a - 3*t - 1 = 0, 3*t = -5*a + 6*t - 19. Let c(k) be the second derivative of k**4/12 + k**3/3 - k**2 + k. What is c(a)?
-2
Let s(q) = q**3 - 2*q**2 + q + 1. Let p = 4 - -1. Let t = 13 + -9. Suppose 0 = -2*j - 2*o + t, 0 = p*o - 0*o. Calculate s(j).
3
Let c(x) be the second derivative of -x**5/20 - x**4/2 - 7*x**3/6 - 3*x**2 - 9*x. Give c(-4).
-10
Let a(h) = 5*h - 2. Let x(u) = 2*u - 1. Let b(w) = -2*w**2 + 2*w + 3. Let d be b(-2). Let k(o) = d*x(o) + 4*a(o). What is k(3)?
7
Let q(w) = w + 9. Let f = -10 + 18. Give q(f).
17
Let u(q) = q - 6. Suppose -4*d - 2*l = -18, 4*d + l + 13 = 32. What is u(d)?
-1
Suppose -q - 4*q = 0. Let x(g) be the first derivative of g**2/2 - 2*g + 17. Determine x(q).
-2
Let m(k) = -5*k - 20. Let u(r) = r + 4. Let y(i) = -2*m(i) - 11*u(i). Let x be (-21 - 1)/(4/(-2)). Let c = x + -15. Calculate y(c).
0
Suppose 5*i = -3*i + 16. Let d(f) = f**3 - 2*f**2 - f - 1. Calculate d(i).
-3
Let s = -18 - -19. Let c = 3 + s. Let g(q) = -q. Calculate g(c).
-4
Suppose 0 = 5*d - 2*i - 106, -5*i - 75 = -4*d + 3. Suppose -5*u + b = -d, 0 = -3*u - 0*u - 2*b + 21. Let n(z) = -z**2 + 6*z + 5. Give n(u).
10
Suppose -5*k - 4 = -14. Let i(j) = -6*j - 1 + 1 + 1 - j**k. What is i(-3)?
10
Suppose -6 + 3 = -a. Suppose 0 = 3*w - a - 3. Let n(k) = k**w - 2 - 2*k + 2. Calculate n(1).
-1
Let i(l) = 4 + 1 - 12*l**2 + l**3 - 2. Let x be i(12). Let y(k) = 2*k + 0*k**3 - 4*k**2 + 2*k**3 + 1 - k**3. What is y(x)?
-2
Let w be 5/(-1)*20/(-25). Let o(p) = -w*p + 2*p - 2*p + 5*p + 3. Let a be o(0). Let h(r) = -r**2 + 2*r + 3. Determine h(a).
0
Let m(b) = -3*b + 1 + 0*b + 0*b + 2*b. Suppose 4*t - 5*g = -0*g + 29, -5*g = -2*t + 27. Give m(t).
0
Suppose 4*q - 7 - 2 = -i, 3*i - 13 = -5*q. Let b be (1 - (q - 1))/1. Let a = b + -1. Let s(u) = -2*u - 1. Determine s(a).
1
Let n(i) = i**2 - 5*i - 1. Suppose 3*z = 8*z - 25. Give n(z).
-1
Let a(l) = -l**3 - 7*l**2 - l - 7. Let c be a(-7). Let m(k) = k**2 + 2. Calculate m(c).
2
Let u(g) be the first derivative of 5*g**2/2 + g - 29. Calculate u(1).
6
Let t(l) = l**2 + 3*l + 2. Let f be t(-4). Let h(a) = -a**3 + 7*a**2 - 8*a + 6. What is h(f)?
-6
Let p(h) = -h**3 - h**2 - h. Let b(c) = -5*c**3 - 7*c**2 - c + 3. Let x(j) = -b(j) + 4*p(j). Calculate x(-2).
7
Let c(u) be the third derivative of u**5/60 - u**4/12 - u**3/2 + 38*u**2. Calculate c(-2).
5
Let x be (2 - -1)*12/9. Let l(d) be the first derivative of 3/2*d**2 - 5*d + 1/4*d**4 - 5/3*d**3 - 1. Calculate l(x).
-9
Let o(v) = -v + 5. Let j be o(0). Suppose 0 = j*y - 10 - 15. Let r(x) = x**2 - 6*x + 6. Calculate r(y).
1
Let u(p) = -p - 10. Suppose -2*v - 5*x + 35 = -17, 4*x - 113 = -5*v. Suppose -5*t - 9 = v. What is u(t)?
-4
Let t = 6 + -4. Let r(o) = 3*o**2 + o - 2. Give r(t).
12
Suppose -4*w = -6*w + 4. Suppose 4*c - 20 = 0, w*c = -b + 5*c - 19. Let m(j) = j**2 - 5. What is m(b)?
11
Let h = 423 + -421. Let l(n) be the first derivative of -5*n**2/2 + n - 1. Calculate l(h).
-9
Let a(k) = -k - 3. Suppose 0 = -22*d + 28*d + 18. What is a(d)?
0
Let p(v) = -v**3 - 5*v**2 - 6. Let c(o) = 5*o**3 + 26*o**2 + o + 31. Let r(q) = 2*c(q) + 11*p(q). Give r(-4).
4
Let l(k) = -k**2 + 6*k + 4. Suppose -4*s - 4*f = -4, -4*f = 3*s - 8*f - 38. Let b be l(s). Suppose b = -5*v - 6. Let c(x) = 2*x**2 + 2*x - 1. Give c(v).
3
Let z(p) = p**2 - 22*p + 62. Let r be z(18). Let l(h) = -h**3 - 9*h**2 + 10*h - 1. What is l(r)?
-1
Let j(o) be the third derivative of o**6/120 - o**5/30 - 5*o**4/24 - o**3/6 - 12*o**2. Suppose 3*r - 22 = -2*u, 3*r + u - 7 = 2*u. Determine j(r).
11
Let i(g) be the second derivative of -5*g**3/6 - 3*g**2/2 + 29*g. What is i(-4)?
17
Suppose 4*c - 20 = 4*a, 0 = -3*a + 2 - 8. Let d(h) = 3*h - 4*h + 4*h - h**c - h**2 + 2*h**2. Let z(o) = 1. Let f(v) = -d(v) - 3*z(v). Give f(-2).
-9
Let h = -2 - -8. Let m = 9 - h. Let l(u) = u**2 - 3*u - 2. Determine l(m).
-2
Let m(v) = v + 8. Let t be 2 - -3 - (-3 + 5). Suppose -t + 9 = 3*u. Suppose -3*n - u*x = 10, -25 = n + 2*n + 5*x. Calculate m(n).
8
Let k(p) = 4*p + 4*p - p**2 - 6 - 2 - 4*p. Give k(6).
-20
Let x(v) be the third derivative of -7*v**5/30 + v**4/24 - 5*v**2. What is x(1)?
-13
Let y(r) = 14*r**3 - 7*r**2 - 4 + 0*r**2 - 13*r**3 - 7*r. Let h be y(8). Let c(x) = x**2 - 4*x - 4. What is c(h)?
-4
Let p(l) be the second derivative of -l**3/3 - 4*l. Determine p(-7).
14
Suppose 3*y + 0*y - 5*i + 1 = 0, i + 1 = y. Let p(b) = -b**3 + 3*b**2 + b - 1. Determine p(y).
2
Suppose 19 = 2*s - 0*o + 3*o, o = -2*s + 13. Suppose -4*q = -s*y - 14, -2*y = 2*q + 3*y + 8. Let c(w) = -1 - 9*w**2 + 2*w + 0*w + 2*w**2. Determine c(q).
-6
Let p(d) = -5*d + 1. Let c(j) = -6*j. Let w(i) = -i**2 + 2*i + 3. Let q be w(4). Let r = 1 + q. Let n(a) = r*c(a) + 5*p(a). Calculate n(4).
1
Let b(t) = t**3 + 6*t**2 - t - 7. Let v(n) = n**3 - 6*n**2 - 7*n - 6. Let d be v(7). Let q be b(d). Let o(f) = 4*f. Calculate o(q).
-4
Suppose 4*p + 2*n - 14 = 0, 2*p - 15 = -4*n - 5. Let f(d) = -d - p + 0 + 2 + 4. Calculate f(-5).
8
Let u = 5 - 4. Let q be (7 + -11)*1/u. Let p(b) = -b - 6. Give p(q).
-2
Let x(v) = -v**2 + 3*v - 1. Let m(i) be the third derivative of i**4/24 + 7*i**3/6 - 2*i**2. Let g be m(-6). Suppose g + 3 = f. What is x(f)?
-5
Let m(v) = -2*v**2 + 4*v + 5 + 5 - 5. Let l(y) = y**3 + 7*y**2 + 7. Let f be l(-7). Suppose -3*j = -f*o + 4*o - 21, 0 = -o - 3. Determine m(j).
-11
Let f(g) = 2*g**3 + 2*g**3 - 3*g**3 - 2*g**2 - 3*g - 2. Suppose 1 = 4*h - 11. Calculate f(h).
-2
Let p(n) = -n - 6. Let i be p(-5). Let o be (-6)/(-4)*(i - -3). Let d(h) = -3 - h**o + 3 + 5*h**3 + h. Give d(1).
5
Suppose 5*d - 4*a + 9 = 41, -3*a - 17 = -2*d. Suppose -d*c + 16 = -0*c. Suppose -c*p - 25 = p. Let r(i) = -i**2 - 4*i + 4. Calculate r(p).
-1
Let x = -8 + 5. Let s(p) = -p**2 + 6*p - 3 - 2*p - 2*p - 7*p. What is s(x)?
3
Let h(r) = -r**3 - 7*r**2 - 4*r + 4. Let m be (4 - 5) + (-4 - 1). Give h(m).
-8
Let v(b) = -b**3 - b**2 + 4*b - 3. Suppose z + 11 = -3*j, -2*j + 3*j - z = -5. Suppose 0 = -0*u + 2*u - 12. Let d = j + u. Give v(d).
-7
Suppose -2*j - 2*g + 30 - 12 = 0, 2*g + 18 = 4*j. Let v(u) = -u + 8. Give v(j).
2
Let p(s) = -2 - s**2 + 5*s**2 - 5 + 7*s - s**3. Let w be p(5). Let d(x) = -3*x + 4. Let n(j) = -10*j + 13. Let r(l) = -7*d(l) + 2*n(l). Give r(w).
1
Let m(l) = l**2 + 3. Suppose f = -3*w, 4*f = w - f. Let r = w + -4. Give m(r).
19
Suppose -5*x + 4*a = -60, 0 = -4*a - a. Suppose y - 2*y + 3*w - 9 = 0, 4*w = 3*y + x. Let p(b) = -b**2 - 2 + y*b**2 - 1. Give p(0).
-3
Suppose 0 = -h + 7*h - 6. Let j(k) = -12*k**3 + k**2 - 1. Determine j(h).
-12
Let u be 6/4 + 2/4. Let r(d) = -13*d**2 + 15*d - 7. Let p(h) = 7*h**2 - 8*h + 4. Let t(j) = -11*p(j) - 6*r(j). Give t(u).
-2
Let r(w) = 2*w + 4. Let j = -13 - -33. Let c be (-3)/4*(-8)/2. Suppose -2*n + b - j = -b, -5*n + c*b = 42. Determine r(n).
-8
Suppose 5*q - 10 = -0. Let g(s) = -3*s**2 + 2 + 5*s + 2 + 2*s**2 + 0*s**q. Let x = 8 - 2. Give g(x).
-2
Let g(u) = u - 4. Suppose 9*x = 5*x. Determine g(x).
-4
Let a = -5 - -7. Let m(k) = 7. Let t(c) = -c - 1. Let i(l) = m(l) + 4*t(l). Determine i(a).
-5
Suppose -j = 1, 3*z + 5*j - 11 = 2. Let i(b) be the third derivative of -b**5/60 + b**4/6 + b**3 - 2*b**2. Determine i(z).
-6
Suppose 5*r = c + 28, -4 = 4*r + c - 30. Let m be (-8)/r*30/(-20). Let w(b) = b - 2. Calculate w(m).
0
Let i(r) = -r**3 - 2*r**2 + r**2 - 8 - 5*r**2 - r. Suppose -4*m + 38 - 2 = 0. Suppose 3*j - m = t, 4*j - 29 = 4*t - j. Determine i(t).
-2
Suppose -8 = -3*g + 2*k, -20 = 4*g + 2*k + 3*k. Let t(n) = -n**2 - n + 1. Calculate t(g).
1
Let a(l) = -l**3 - 3*l**2 - 4. Let p(b) = -3*b**3 - 9*b**2 - 12. Let x(t) = -8*a(t) + 3*p(t). Suppose -3*g - 3 = 6. Give x(g).
-4
Let k(o) = -5*o**2 - 4*o + 6. Let s(b) = 4*b + 5*b**2 - 11 + 4*b**2 + 5*b. Let t(m) = 7*k(m) + 4*s(m). Let u be t(-8). Let c(i) = -i - 1. What is c(u)?
1
Let l(y) = y - 4. Let w(n) = n**3 + 6*n**2 + 5*n - 5. Let d be w(-5). Let j be (3/(-3) - 0)*d. Suppose -3*z + j = 2*k, 3*z = z + k + 15. Calculate l(z).
1
Let v(p) = -3*p + 14. Let m(f) = -f + 7. L